{"id":414,"date":"2023-10-16T12:35:26","date_gmt":"2023-10-16T12:35:26","guid":{"rendered":"https:\/\/muenchen.portugal.de\/?page_id=414"},"modified":"2023-10-16T12:44:04","modified_gmt":"2023-10-16T12:44:04","slug":"sportscraft-fahrzeugtechnik","status":"publish","type":"page","link":"https:\/\/muenchen.portugal.de\/pt\/portugal-in-muenchen\/investitionen\/sportscraft-fahrzeugtechnik\/","title":{"rendered":"Sportscraft Fahrzeugtechnik"},"content":{"rendered":"<div data-elementor-type=\"wp-page\" data-elementor-id=\"414\" class=\"elementor elementor-414\">\n\t\t\t\t\t\t<section class=\"elementor-section elementor-top-section elementor-element elementor-element-3c61b1fc elementor-section-boxed elementor-section-height-default elementor-section-height-default\" data-id=\"3c61b1fc\" data-element_type=\"section\" data-e-type=\"section\">\n\t\t\t\t\t\t<div class=\"elementor-container elementor-column-gap-default\">\n\t\t\t\t\t<div class=\"elementor-column elementor-col-100 elementor-top-column elementor-element elementor-element-391877ce\" data-id=\"391877ce\" data-element_type=\"column\" data-e-type=\"column\">\n\t\t\t<div class=\"elementor-widget-wrap elementor-element-populated\">\n\t\t\t\t\t\t<div class=\"elementor-element elementor-element-52f38023 elementor-widget elementor-widget-image\" data-id=\"52f38023\" data-element_type=\"widget\" data-e-type=\"widget\" data-widget_type=\"image.default\">\n\t\t\t\t<div class=\"elementor-widget-container\">\n\t\t\t\t\t\t\t\t\t\t\t\t\t\t\t\t<a href=\"http:\/\/www.bree.com\">\n\t\t\t\t\t\t\t<img fetchpriority=\"high\" decoding=\"async\" width=\"300\" height=\"300\" src=\"https:\/\/muenchen.portugal.de\/wp-content\/uploads\/2023\/10\/sportscraft-300x300.png\" class=\"attachment-medium size-medium wp-image-358\" alt=\"\" srcset=\"https:\/\/muenchen.portugal.de\/wp-content\/uploads\/2023\/10\/sportscraft-300x300.png 300w, https:\/\/muenchen.portugal.de\/wp-content\/uploads\/2023\/10\/sportscraft-150x150.png 150w, https:\/\/muenchen.portugal.de\/wp-content\/uploads\/2023\/10\/sportscraft-12x12.png 12w, https:\/\/muenchen.portugal.de\/wp-content\/uploads\/2023\/10\/sportscraft-e1697454607504.png 275w\" sizes=\"100vw\" \/>\t\t\t\t\t\t\t\t<\/a>\n\t\t\t\t\t\t\t\t\t\t\t\t\t\t\t<\/div>\n\t\t\t\t<\/div>\n\t\t\t\t\t<\/div>\n\t\t<\/div>\n\t\t\t\t\t<\/div>\n\t\t<\/section>\n\t\t\t\t<section class=\"elementor-section elementor-top-section elementor-element elementor-element-647761b6 elementor-section-boxed elementor-section-height-default elementor-section-height-default\" data-id=\"647761b6\" data-element_type=\"section\" data-e-type=\"section\">\n\t\t\t\t\t\t<div class=\"elementor-container elementor-column-gap-default\">\n\t\t\t\t\t<div class=\"elementor-column elementor-col-50 elementor-top-column elementor-element elementor-element-37d3e087\" data-id=\"37d3e087\" data-element_type=\"column\" data-e-type=\"column\">\n\t\t\t<div class=\"elementor-widget-wrap elementor-element-populated\">\n\t\t\t\t\t\t<div class=\"elementor-element elementor-element-2a3b176d elementor-widget elementor-widget-heading\" data-id=\"2a3b176d\" data-element_type=\"widget\" data-e-type=\"widget\" data-widget_type=\"heading.default\">\n\t\t\t\t<div class=\"elementor-widget-container\">\n\t\t\t\t\t<h3 class=\"elementor-heading-title elementor-size-default\">... in Portugal<\/h3>\t\t\t\t<\/div>\n\t\t\t\t<\/div>\n\t\t\t\t<div class=\"elementor-element elementor-element-597d801c elementor-widget elementor-widget-text-editor\" data-id=\"597d801c\" data-element_type=\"widget\" data-e-type=\"widget\" data-widget_type=\"text-editor.default\">\n\t\t\t\t<div class=\"elementor-widget-container\">\n\t\t\t\t\t\t\t\t\t<p><strong>Name: <\/strong>Sunviauto &#8211; Ind\u00fastria de Componentes de Autom\u00f3veis, S.A.<\/p><p><strong>Standort: <\/strong>Rua da Bela Vista 530, 4415-170 Pedroso<\/p><p><strong style=\"font-family: var( --e-global-typography-text-font-family ), Sans-serif;\">Branche: <\/strong>Fahrzeuge und Komponenten &#8211; Komponenten f\u00fcr die Automobilindustrie<\/p>\t\t\t\t\t\t\t\t<\/div>\n\t\t\t\t<\/div>\n\t\t\t\t\t<\/div>\n\t\t<\/div>\n\t\t\t\t<div class=\"elementor-column elementor-col-50 elementor-top-column elementor-element elementor-element-7e8a5049\" data-id=\"7e8a5049\" data-element_type=\"column\" data-e-type=\"column\">\n\t\t\t<div class=\"elementor-widget-wrap elementor-element-populated\">\n\t\t\t\t\t\t<div class=\"elementor-element elementor-element-7dd0f98f elementor-widget elementor-widget-heading\" data-id=\"7dd0f98f\" data-element_type=\"widget\" data-e-type=\"widget\" data-widget_type=\"heading.default\">\n\t\t\t\t<div class=\"elementor-widget-container\">\n\t\t\t\t\t<h3 class=\"elementor-heading-title elementor-size-default\">... in Deutschland<\/h3>\t\t\t\t<\/div>\n\t\t\t\t<\/div>\n\t\t\t\t<div class=\"elementor-element elementor-element-7e4cfb2a elementor-widget elementor-widget-text-editor\" data-id=\"7e4cfb2a\" data-element_type=\"widget\" data-e-type=\"widget\" data-widget_type=\"text-editor.default\">\n\t\t\t\t<div class=\"elementor-widget-container\">\n\t\t\t\t\t\t\t\t\t<p><strong>Name: <\/strong>Sportscraft Fahrzeugtechnik GmbH<\/p><p><strong>Standort: <\/strong>Maistr. 45, 80337 M\u00fcnchen<\/p><p><strong>Branche: <\/strong>Fahrzeuge und Komponenten &#8211; Komponenten f\u00fcr die Automobilindustrie<br \/><br \/><\/p>\t\t\t\t\t\t\t\t<\/div>\n\t\t\t\t<\/div>\n\t\t\t\t\t<\/div>\n\t\t<\/div>\n\t\t\t\t\t<\/div>\n\t\t<\/section>\n\t\t\t\t<section class=\"elementor-section elementor-top-section elementor-element elementor-element-5fad2c77 elementor-section-boxed elementor-section-height-default elementor-section-height-default\" data-id=\"5fad2c77\" data-element_type=\"section\" data-e-type=\"section\">\n\t\t\t\t\t\t<div class=\"elementor-container elementor-column-gap-default\">\n\t\t\t\t\t<div class=\"elementor-column elementor-col-50 elementor-top-column elementor-element elementor-element-454d5007\" data-id=\"454d5007\" data-element_type=\"column\" data-e-type=\"column\">\n\t\t\t<div class=\"elementor-widget-wrap elementor-element-populated\">\n\t\t\t\t\t\t<div class=\"elementor-element elementor-element-6e58596b elementor-align-left elementor-widget elementor-widget-button\" data-id=\"6e58596b\" data-element_type=\"widget\" data-e-type=\"widget\" data-widget_type=\"button.default\">\n\t\t\t\t<div class=\"elementor-widget-container\">\n\t\t\t\t\t\t\t\t\t<div class=\"elementor-button-wrapper\">\n\t\t\t\t\t<a class=\"elementor-button elementor-button-link elementor-size-sm\" href=\"http:\/\/www.sunviauto.pt\" target=\"_blank\">\n\t\t\t\t\t\t<span class=\"elementor-button-content-wrapper\">\n\t\t\t\t\t\t\t\t\t<span class=\"elementor-button-text\">Website<\/span>\n\t\t\t\t\t<\/span>\n\t\t\t\t\t<\/a>\n\t\t\t\t<\/div>\n\t\t\t\t\t\t\t\t<\/div>\n\t\t\t\t<\/div>\n\t\t\t\t\t<\/div>\n\t\t<\/div>\n\t\t\t\t<div class=\"elementor-column elementor-col-50 elementor-top-column elementor-element elementor-element-72114c30\" data-id=\"72114c30\" data-element_type=\"column\" data-e-type=\"column\">\n\t\t\t<div class=\"elementor-widget-wrap elementor-element-populated\">\n\t\t\t\t\t\t<div class=\"elementor-element elementor-element-ac71145 elementor-align-left elementor-widget elementor-widget-button\" data-id=\"ac71145\" data-element_type=\"widget\" data-e-type=\"widget\" data-widget_type=\"button.default\">\n\t\t\t\t<div class=\"elementor-widget-container\">\n\t\t\t\t\t\t\t\t\t<div class=\"elementor-button-wrapper\">\n\t\t\t\t\t<a class=\"elementor-button elementor-button-link elementor-size-sm\" href=\"http:\/\/www.sportscraft.de\" target=\"_blank\">\n\t\t\t\t\t\t<span class=\"elementor-button-content-wrapper\">\n\t\t\t\t\t\t\t\t\t<span class=\"elementor-button-text\">Website<\/span>\n\t\t\t\t\t<\/span>\n\t\t\t\t\t<\/a>\n\t\t\t\t<\/div>\n\t\t\t\t\t\t\t\t<\/div>\n\t\t\t\t<\/div>\n\t\t\t\t\t<\/div>\n\t\t<\/div>\n\t\t\t\t\t<\/div>\n\t\t<\/section>\n\t\t\t\t<\/div>","protected":false},"excerpt":{"rendered":"<p>&#8230; in Portugal Name: Sunviauto &#8211; Ind\u00fastria de Componentes de Autom\u00f3veis, S.A. Standort: Rua da Bela Vista 530, 4415-170 Pedroso Branche: Fahrzeuge und Komponenten &#8211; Komponenten f\u00fcr die Automobilindustrie &#8230; in Deutschland Name: Sportscraft Fahrzeugtechnik GmbH Standort: Maistr. 45, 80337 M\u00fcnchen Branche: Fahrzeuge und Komponenten &#8211; Komponenten f\u00fcr die Automobilindustrie Website Website<\/p>","protected":false},"author":2,"featured_media":0,"parent":61,"menu_order":0,"comment_status":"closed","ping_status":"closed","template":"","meta":{"inspiro_hide_title":false,"footnotes":""},"class_list":["post-414","page","type-page","status-publish","hentry"],"_links":{"self":[{"href":"https:\/\/muenchen.portugal.de\/pt\/wp-json\/wp\/v2\/pages\/414","targetHints":{"allow":["GET"]}}],"collection":[{"href":"https:\/\/muenchen.portugal.de\/pt\/wp-json\/wp\/v2\/pages"}],"about":[{"href":"https:\/\/muenchen.portugal.de\/pt\/wp-json\/wp\/v2\/types\/page"}],"author":[{"embeddable":true,"href":"https:\/\/muenchen.portugal.de\/pt\/wp-json\/wp\/v2\/users\/2"}],"replies":[{"embeddable":true,"href":"https:\/\/muenchen.portugal.de\/pt\/wp-json\/wp\/v2\/comments?post=414"}],"version-history":[{"count":5,"href":"https:\/\/muenchen.portugal.de\/pt\/wp-json\/wp\/v2\/pages\/414\/revisions"}],"predecessor-version":[{"id":449,"href":"https:\/\/muenchen.portugal.de\/pt\/wp-json\/wp\/v2\/pages\/414\/revisions\/449"}],"up":[{"embeddable":true,"href":"https:\/\/muenchen.portugal.de\/pt\/wp-json\/wp\/v2\/pages\/61"}],"wp:attachment":[{"href":"https:\/\/muenchen.portugal.de\/pt\/wp-json\/wp\/v2\/media?parent=414"}],"curies":[{"name":"wp","href":"https:\/\/api.w.org\/{rel}","templated":true}]}}

<div data-elementor-type="wp-page" data-elementor-id="414" class="elementor elementor-414">
						<section class="elementor-section elementor-top-section elementor-element elementor-element-3c61b1fc elementor-section-boxed elementor-section-height-default elementor-section-height-default" data-id="3c61b1fc" data-element_type="section" data-e-type="section">
						<div class="elementor-container elementor-column-gap-default">
					<div class="elementor-column elementor-col-100 elementor-top-column elementor-element elementor-element-391877ce" data-id="391877ce" data-element_type="column" data-e-type="column">
			<div class="elementor-widget-wrap elementor-element-populated">
						<div class="elementor-element elementor-element-52f38023 elementor-widget elementor-widget-image" data-id="52f38023" data-element_type="widget" data-e-type="widget" data-widget_type="image.default">
				<div class="elementor-widget-container">
																<a href="http://www.bree.com">
							<img fetchpriority="high" decoding="async" width="300" height="300" src="https://muenchen.portugal.de/wp-content/uploads/2023/10/sportscraft-300x300.png" class="attachment-medium size-medium wp-image-358" alt="" srcset="https://muenchen.portugal.de/wp-content/uploads/2023/10/sportscraft-300x300.png 300w, https://muenchen.portugal.de/wp-content/uploads/2023/10/sportscraft-150x150.png 150w, https://muenchen.portugal.de/wp-content/uploads/2023/10/sportscraft-12x12.png 12w, https://muenchen.portugal.de/wp-content/uploads/2023/10/sportscraft-e1697454607504.png 275w" sizes="100vw" />								</a>
															</div>
				</div>
					</div>
		</div>
					</div>
		</section>
				<section class="elementor-section elementor-top-section elementor-element elementor-element-647761b6 elementor-section-boxed elementor-section-height-default elementor-section-height-default" data-id="647761b6" data-element_type="section" data-e-type="section">
						<div class="elementor-container elementor-column-gap-default">
					<div class="elementor-column elementor-col-50 elementor-top-column elementor-element elementor-element-37d3e087" data-id="37d3e087" data-element_type="column" data-e-type="column">
			<div class="elementor-widget-wrap elementor-element-populated">
						<div class="elementor-element elementor-element-2a3b176d elementor-widget elementor-widget-heading" data-id="2a3b176d" data-element_type="widget" data-e-type="widget" data-widget_type="heading.default">
				<div class="elementor-widget-container">
					<h3 class="elementor-heading-title elementor-size-default">... in Portugal</h3>				</div>
				</div>
				<div class="elementor-element elementor-element-597d801c elementor-widget elementor-widget-text-editor" data-id="597d801c" data-element_type="widget" data-e-type="widget" data-widget_type="text-editor.default">
				<div class="elementor-widget-container">
									<p><strong>Name: </strong>Sunviauto &#8211; Indústria de Componentes de Automóveis, S.A.</p><p><strong>Standort: </strong>Rua da Bela Vista 530, 4415-170 Pedroso</p><p><strong style="font-family: var( --e-global-typography-text-font-family ), Sans-serif;">Branche: </strong>Fahrzeuge und Komponenten &#8211; Komponenten für die Automobilindustrie</p>								</div>
				</div>
					</div>
		</div>
				<div class="elementor-column elementor-col-50 elementor-top-column elementor-element elementor-element-7e8a5049" data-id="7e8a5049" data-element_type="column" data-e-type="column">
			<div class="elementor-widget-wrap elementor-element-populated">
						<div class="elementor-element elementor-element-7dd0f98f elementor-widget elementor-widget-heading" data-id="7dd0f98f" data-element_type="widget" data-e-type="widget" data-widget_type="heading.default">
				<div class="elementor-widget-container">
					<h3 class="elementor-heading-title elementor-size-default">... in Deutschland</h3>				</div>
				</div>
				<div class="elementor-element elementor-element-7e4cfb2a elementor-widget elementor-widget-text-editor" data-id="7e4cfb2a" data-element_type="widget" data-e-type="widget" data-widget_type="text-editor.default">
				<div class="elementor-widget-container">
									<p><strong>Name: </strong>Sportscraft Fahrzeugtechnik GmbH</p><p><strong>Standort: </strong>Maistr. 45, 80337 München</p><p><strong>Branche: </strong>Fahrzeuge und Komponenten &#8211; Komponenten für die Automobilindustrie<br /><br /></p>								</div>
				</div>
					</div>
		</div>
					</div>
		</section>
				<section class="elementor-section elementor-top-section elementor-element elementor-element-5fad2c77 elementor-section-boxed elementor-section-height-default elementor-section-height-default" data-id="5fad2c77" data-element_type="section" data-e-type="section">
						<div class="elementor-container elementor-column-gap-default">
					<div class="elementor-column elementor-col-50 elementor-top-column elementor-element elementor-element-454d5007" data-id="454d5007" data-element_type="column" data-e-type="column">
			<div class="elementor-widget-wrap elementor-element-populated">
						<div class="elementor-element elementor-element-6e58596b elementor-align-left elementor-widget elementor-widget-button" data-id="6e58596b" data-element_type="widget" data-e-type="widget" data-widget_type="button.default">
				<div class="elementor-widget-container">
									<div class="elementor-button-wrapper">
					<a class="elementor-button elementor-button-link elementor-size-sm" href="http://www.sunviauto.pt" target="_blank">
						<span class="elementor-button-content-wrapper">
									<span class="elementor-button-text">Website</span>
					</span>
					</a>
				</div>
								</div>
				</div>
					</div>
		</div>
				<div class="elementor-column elementor-col-50 elementor-top-column elementor-element elementor-element-72114c30" data-id="72114c30" data-element_type="column" data-e-type="column">
			<div class="elementor-widget-wrap elementor-element-populated">
						<div class="elementor-element elementor-element-ac71145 elementor-align-left elementor-widget elementor-widget-button" data-id="ac71145" data-element_type="widget" data-e-type="widget" data-widget_type="button.default">
				<div class="elementor-widget-container">
									<div class="elementor-button-wrapper">
					<a class="elementor-button elementor-button-link elementor-size-sm" href="http://www.sportscraft.de" target="_blank">
						<span class="elementor-button-content-wrapper">
									<span class="elementor-button-text">Website</span>
					</span>
					</a>
				</div>
								</div>
				</div>
					</div>
		</div>
					</div>
		</section>
				</div>

<p>&#8230; in Portugal Name: Sunviauto &#8211; Indústria de Componentes de Automóveis, S.A. Standort: Rua da Bela Vista 530, 4415-170 Pedroso Branche: Fahrzeuge und Komponenten &#8211; Komponenten für die Automobilindustrie &#8230; in Deutschland Name: Sportscraft Fahrzeugtechnik GmbH Standort: Maistr. 45, 80337 München Branche: Fahrzeuge und Komponenten &#8211; Komponenten für die Automobilindustrie Website Website</p>
